{"id":6167,"date":"2023-01-06T00:53:42","date_gmt":"2023-01-06T00:53:42","guid":{"rendered":"https:\/\/foreverdistllc.com\/index.php\/product\/ph-optim-v-jabon-intimo-350-ml\/"},"modified":"2023-02-10T17:07:36","modified_gmt":"2023-02-10T17:07:36","slug":"ph-optim-v-jabon-intimo-350-ml","status":"publish","type":"product","link":"https:\/\/foreverdistllc.com\/index.php\/product\/ph-optim-v-jabon-intimo-350-ml\/","title":{"rendered":"PH Optim V Jabon Intimo 350 ml"},"content":{"rendered":"<p>Jab\u00f3n \u00edntimo de uso diario que te da toda la frescura, limpieza previniendo la irritaci\u00f3n y comez\u00f3n en tu zona V haci\u00e9ndote sentir m\u00e1s c\u00f3moda y segura todos los d\u00edas<\/p>\n","protected":false},"excerpt":{"rendered":"<p>Jab\u00f3n \u00edntimo<\/p>\n","protected":false},"featured_media":6077,"comment_status":"open","ping_status":"closed","template":"","meta":{"_eb_attr":"","site-sidebar-layout":"default","site-content-layout":"default","ast-global-header-display":"","ast-main-header-display":"","ast-hfb-above-header-display":"","ast-hfb-below-header-display":"","ast-hfb-mobile-header-display":"","site-post-title":"","ast-breadcrumbs-content":"","ast-featured-img":"","footer-sml-layout":"","theme-transparent-header-meta":"","adv-header-id-meta":"","stick-header-meta":"","header-above-stick-meta":"","header-main-stick-meta":"","header-below-stick-meta":""},"product_cat":[66,116,157],"product_tag":[94],"_links":{"self":[{"href":"https:\/\/foreverdistllc.com\/index.php\/wp-json\/wp\/v2\/product\/6167"}],"collection":[{"href":"https:\/\/foreverdistllc.com\/index.php\/wp-json\/wp\/v2\/product"}],"about":[{"href":"https:\/\/foreverdistllc.com\/index.php\/wp-json\/wp\/v2\/types\/product"}],"replies":[{"embeddable":true,"href":"https:\/\/foreverdistllc.com\/index.php\/wp-json\/wp\/v2\/comments?post=6167"}],"version-history":[{"count":0,"href":"https:\/\/foreverdistllc.com\/index.php\/wp-json\/wp\/v2\/product\/6167\/revisions"}],"wp:featuredmedia":[{"embeddable":true,"href":"https:\/\/foreverdistllc.com\/index.php\/wp-json\/wp\/v2\/media\/6077"}],"wp:attachment":[{"href":"https:\/\/foreverdistllc.com\/index.php\/wp-json\/wp\/v2\/media?parent=6167"}],"wp:term":[{"taxonomy":"product_cat","embeddable":true,"href":"https:\/\/foreverdistllc.com\/index.php\/wp-json\/wp\/v2\/product_cat?post=6167"},{"taxonomy":"product_tag","embeddable":true,"href":"https:\/\/foreverdistllc.com\/index.php\/wp-json\/wp\/v2\/product_tag?post=6167"}],"curies":[{"name":"wp","href":"https:\/\/api.w.org\/{rel}","templated":true}]}}