{"id":6177,"date":"2023-01-06T00:53:43","date_gmt":"2023-01-06T00:53:43","guid":{"rendered":"https:\/\/foreverdistllc.com\/index.php\/product\/ph-salutari-chancapiedra-60caps\/"},"modified":"2023-02-10T17:07:36","modified_gmt":"2023-02-10T17:07:36","slug":"ph-salutari-chancapiedra-60caps","status":"publish","type":"product","link":"https:\/\/foreverdistllc.com\/index.php\/product\/ph-salutari-chancapiedra-60caps\/","title":{"rendered":"PH Salutari Chancapiedra 60caps"},"content":{"rendered":"<p>Promueve las funciones saludables de el h\u00edgado y los ri\u00f1ones Antiinflamatorio, Infecciones hep\u00e1ticas y diur\u00e9tico<\/p>\n","protected":false},"excerpt":{"rendered":"<p>Suplemento Nutricional, Adulto<\/p>\n","protected":false},"featured_media":5292,"comment_status":"open","ping_status":"closed","template":"","meta":{"_eb_attr":"","site-sidebar-layout":"default","site-content-layout":"default","ast-global-header-display":"","ast-main-header-display":"","ast-hfb-above-header-display":"","ast-hfb-below-header-display":"","ast-hfb-mobile-header-display":"","site-post-title":"","ast-breadcrumbs-content":"","ast-featured-img":"","footer-sml-layout":"","theme-transparent-header-meta":"","adv-header-id-meta":"","stick-header-meta":"","header-above-stick-meta":"","header-main-stick-meta":"","header-below-stick-meta":""},"product_cat":[69,157,65,93],"product_tag":[94],"_links":{"self":[{"href":"https:\/\/foreverdistllc.com\/index.php\/wp-json\/wp\/v2\/product\/6177"}],"collection":[{"href":"https:\/\/foreverdistllc.com\/index.php\/wp-json\/wp\/v2\/product"}],"about":[{"href":"https:\/\/foreverdistllc.com\/index.php\/wp-json\/wp\/v2\/types\/product"}],"replies":[{"embeddable":true,"href":"https:\/\/foreverdistllc.com\/index.php\/wp-json\/wp\/v2\/comments?post=6177"}],"version-history":[{"count":0,"href":"https:\/\/foreverdistllc.com\/index.php\/wp-json\/wp\/v2\/product\/6177\/revisions"}],"wp:featuredmedia":[{"embeddable":true,"href":"https:\/\/foreverdistllc.com\/index.php\/wp-json\/wp\/v2\/media\/5292"}],"wp:attachment":[{"href":"https:\/\/foreverdistllc.com\/index.php\/wp-json\/wp\/v2\/media?parent=6177"}],"wp:term":[{"taxonomy":"product_cat","embeddable":true,"href":"https:\/\/foreverdistllc.com\/index.php\/wp-json\/wp\/v2\/product_cat?post=6177"},{"taxonomy":"product_tag","embeddable":true,"href":"https:\/\/foreverdistllc.com\/index.php\/wp-json\/wp\/v2\/product_tag?post=6177"}],"curies":[{"name":"wp","href":"https:\/\/api.w.org\/{rel}","templated":true}]}}